highest common divisor of 397033 and 91.
91
Calculate the greatest common factor of 58030 and 210.
70
Calculate the highest common factor of 200 and 1654000.
200
Calculate the greatest common factor of 220 and 264110.
110
Calculate the highest common divisor of 1981 and 2219.
7
What is the highest common factor of 1302 and 2674?
14
What is the greatest common factor of 5253 and 41612?
103
What is the highest common divisor of 828 and 3852?
36
Calculate the greatest common factor of 817675 and 25.
25
Calculate the greatest common divisor of 3776 and 1216.
64
Calculate the greatest common divisor of 534375 and 171.
171
Calculate the greatest common factor of 8 and 37724.
4
Calculate the highest common factor of 965 and 9293915.
965
Calculate the highest common divisor of 389 and 933989.
389
Calculate the highest common factor of 1587306 and 14.
14
Calculate the highest common divisor of 206 and 4429.
103
Calculate the greatest common factor of 2681 and 28.
7
Calculate the greatest common divisor of 180151 and 376.
47
Calculate the greatest common factor of 259392 and 28.
28
Calculate the highest common divisor of 6112 and 191.
191
What is the greatest common factor of 300 and 16100?
100
What is the greatest common divisor of 18620 and 2200?
20
Calculate the highest common factor of 142935 and 585.
195
Calculate the highest common factor of 26 and 5268055.
13
Calculate the highest common factor of 28 and 16618.
14
Calculate the greatest common divisor of 4 and 442896.
4
Calculate the greatest common factor of 2680 and 73365.
335
What is the highest common divisor of 180208 and 48?
16
What is the highest common factor of 1768 and 24576968?
1768
What is the highest common factor of 304715 and 25?
5
What is the greatest common divisor of 10432 and 73676?
652
Calculate the greatest common factor of 208 and 97227.
13
Calculate the highest common factor of 15 and 1401.
3
What is the greatest common factor of 4045116 and 17?
17
Calculate the greatest common divisor of 1271 and 238390.
31
What is the highest common divisor of 420 and 24577?
7
What is the greatest common divisor of 435655 and 605?
55
What is the greatest common factor of 725 and 625?
25
Calculate the highest common divisor of 150 and 200.
50
What is the highest common divisor of 34481 and 87?
29
What is the greatest common factor of 143471 and 954?
53
What is the greatest common factor of 24514 and 2023?
119
What is the highest common factor of 359058 and 996?
498
Calculate the highest common divisor of 2880 and 432.
144
Calculate the greatest common divisor of 250331 and 2595.
173
Calculate the highest common factor of 672 and 769888.
224
What is the highest common factor of 552420 and 372?
372
Calculate the greatest common divisor of 18 and 42957.
9
Calculate the highest common divisor of 255 and 1961205.
255
Calculate the highest common divisor of 205079 and 14.
7
What is the highest common factor of 3420 and 1425?
285
Calculate the greatest common divisor of 268 and 43282.
134
What is the highest common divisor of 137157 and 393?
393
What is the highest common factor of 193 and 124099?
193
Calculate the highest common divisor of 9966 and 594.
66
What is the highest common factor of 113680 and 20384?
784
What is the highest common divisor of 3364460 and 22?
22
Calculate the highest common divisor of 4576 and 9568.
416
Calculate the greatest common factor of 960 and 29208.
24
Calculate the highest common factor of 4324 and 9212.
188
Calculate the highest common factor of 49510 and 10.
10
What is the greatest common factor of 384 and 8782464?
384
What is the greatest common factor of 209 and 82726?
19
What is the greatest common factor of 60415 and 562?
281
Calculate the greatest common divisor of 16 and 72752.
16
What is the highest common factor of 3537 and 20305?
131
Calculate the greatest common factor of 1290 and 1410.
30
Calculate the greatest common divisor of 239 and 569059.
239
Calculate the greatest common factor of 30 and 31305.
15
Calculate the highest common factor of 333 and 255966.
111
What is the greatest common factor of 31612 and 224?
28
What is the greatest common divisor of 6068 and 5248?
164
Calculate the greatest common factor of 60246 and 24.
6
What is the greatest common divisor of 168 and 1256920?
56
What is the highest common factor of 2728 and 161975?
341
What is the highest common factor of 1272 and 2364?
12
Calculate the highest common divisor of 42352 and 4.
4
What is the highest common factor of 9796026 and 174?
174
What is the greatest common divisor of 17175 and 175?
25
What is the greatest common factor of 12397 and 88067?
161
Calculate the greatest common factor of 25 and 15775.
25
Calculate the greatest common divisor of 1824 and 102372.
228
Calculate the greatest common factor of 347 and 577.
1
What is the greatest common factor of 5904192 and 3438?
1146
What is the greatest common divisor of 657 and 1564317?
657
What is the highest common factor of 2318600 and 75?
25
Calculate the highest common factor of 2973862 and 804.
134
What is the highest common divisor of 134425 and 400?
25
What is the highest common divisor of 424853 and 572?
143
Calculate the highest common divisor of 1176 and 181188.
84
What is the highest common divisor of 98540 and 39?
13
Calculate the highest common divisor of 413985 and 30.
15
What is the greatest common factor of 3861 and 6149?
143
What is the greatest common factor of 19 and 47557?
19
What is the greatest common divisor of 1874750 and 250?
250
Calculate the highest common divisor of 2001 and 212911.
23
Calculate the highest common divisor of 737 and 19631.
67
Calculate the highest common factor of 590 and 620.
10
What is the highest common factor of 255 and 3807201?
51
Calculate the greatest common factor of 132945 and 80.
5
Calculate the greatest common factor of 617994 and 247.
247
Calculate the greatest common factor of 3270 and 3810.
30
Calculate the greatest common divisor of 1144 and 7876.
44
Calculate the highest common divisor of 50515 and 45.
5
Calculate the greatest common factor of 1340 and 940.
20
What is the greatest common factor of 970 and 2290?
10
What is the highest common factor of 35 and 651140?
35
Calculate the greatest common divisor of 425424 and 16.
16
Calculate the greatest common factor of 147 and 555.
3
What is the greatest common factor of 779480 and 104?
104
What is the greatest common factor of 329665 and 105?
35
Calculate the greatest common divisor of 3626 and 740.
74
Calculate the greatest common divisor of 1656 and 354936.
552
Calculate the greatest common factor of 377 and 13442.
13
What is the highest common divisor of 25 and 12571850?
25
Calculate the highest common divisor of 32 and 559.
1
What is the highest common factor of 271 and 223?
1
What is the highest common factor of 3965 and 20435?
305
What is the highest common divisor of 5018 and 56134?
26
What is the highest common factor of 1928 and 272089?
241
What is the highest common divisor of 753125 and 1250?
625
What is the highest common divisor of 2128 and 164236?
76
What is the highest common factor of 660 and 1572?
12
What is the highest common factor of 8437 and 6149?
143
What is the highest common factor of 176 and 37444?
44
What is the highest common factor of 823108 and 143?
143
Calculate the highest common factor of 150 and 14715.
15
What is the greatest common factor of 2421 and 774?
9
Calculate the greatest common factor of 29128 and 7920.
88
Calculate the highest common divisor of 5863 and 1763.
41
Calculate the greatest common divisor of 36 and 1089114.
6
Calculate the greatest common factor of 1021509 and 9.
9
What is the highest common divisor of 307234 and 1012?
46
Calculate the greatest common factor of 918 and 104040.
306
What is the highest common factor of 361740 and 2220?
60
What is the greatest common factor of 579 and 377508?
579
Calculate the greatest common factor of 504 and 187680.
24
Calculate the highest common factor of 325425 and 225.
75
What is the greatest common divisor of 320 and 165824?
64
Calculate the highest common divisor of 4585704 and 48.
24
What is the highest common divisor of 18440 and 440?
40
What is the highest common divisor of 1909 and 372919?
83
Calculate the highest commo